 when 49 is divided by l(r).
15
Suppose g + 2 - 4 = 0. Suppose 0 = -p + g, 6*x - 50 = 3*x - p. What is the remainder when 61 is divided by x?
13
Suppose y - 3 = -0*y. Let r = 2 + y. What is the remainder when (1 + -4)/(r/(-70)) is divided by 22?
20
Suppose 2*w + 4*o = -1 + 23, -3*w - 4*o + 33 = 0. Let d = -65 - -95. Calculate the remainder when d is divided by w.
8
Suppose q - 18 = -3. Let z(r) = r**3 + 7*r**2 - 12*r - 54. Calculate the remainder when z(-4) is divided by q.
12
Let l = 65 - 21. Calculate the remainder when 306 is divided by l.
42
Suppose v - 8 = -0*v. Suppose 5*c - 14 = 2*r + 12, -c = -3*r - 13. Suppose -d = -19 - c. Calculate the remainder when d is divided by v.
7
Suppose 4*i = 4*w - 125 - 51, 2*w = 3*i + 86. Let t = -8 + w. Suppose 24 + t = l. Calculate the remainder when l is divided by 21.
20
Suppose -6*f + 8*f + 80 = 2*p, -3*p + 112 = 5*f. Calculate the remainder when p is divided by -2 - 8*2*-1.
11
Let r = -1 + 3. Suppose -3*u + 4*y + r = 0, 3*u + 5*y = -22 + 6. Calculate the remainder when 27 is divided by ((-28)/5)/(u/5).
13
Let b(l) = 3*l - 2. Let n = 9 - 29. Calculate the remainder when (-250)/(-4)*n/(-25) is divided by b(5).
11
Let d = -9 - -13. Suppose 5*s = 5*t - 10, d*t + 2*s = 4*s + 12. What is the remainder when t is divided by 2?
0
Let j(o) = 2*o**2 + 25*o + 5. Calculate the remainder when j(-17) is divided by 32.
30
Let o = 60 - 53. What is the remainder when 15 is divided by o?
1
Suppose -2*t = -0*t + 2*z, 3 = -2*t - 3*z. Suppose -4*j + 16 = 0, 0 = 3*s + 4*j - 4. Let c = 8 + s. Calculate the remainder when c is divided by t.
1
Suppose 4*j - 106 - 54 = -2*p, -4*p = 4*j - 164. Let n(m) = -m**3 - 4*m**2 - 5*m. Calculate the remainder when j is divided by n(-4).
19
Suppose -3*b + 8 = -4. Suppose -13 = 3*m - b*m. What is the remainder when 51 is divided by m?
12
Let y(k) = 4*k**2 - 5*k + 12. Let o(z) = -3*z**2 + 5*z - 11. Let p(a) = -3*o(a) - 2*y(a). What is the remainder when 58 is divided by p(6)?
13
Let z(h) = 23*h**2 + 2*h - 1. Let x be z(-2). Suppose 4*o - o = x. Suppose 15 = i - 5*a, 2*i + a - 2*a = 30. What is the remainder when o is divided by i?
14
Suppose 4*j = 4 + 12, 15 = k + 3*j. Let x = k - -2. Calculate the remainder when 14 is divided by x.
4
Let l(s) = 3*s**2 + s + 1 + 3*s - s**3 + 1. What is the remainder when 26 is divided by l(-2)?
12
Let i = 0 - -6. What is the remainder when i/2*315/27 is divided by 18?
17
Let r = 175 + -117. Calculate the remainder when r is divided by 12.
10
Suppose -4*h + 19 = -69. Suppose 0 = -5*u + 13 + 27. Calculate the remainder when h is divided by u.
6
What is the remainder when (-54 - -7)*(-1 - 0) is divided by 12?
11
Let h(r) = -r - 2. Let m be h(-3). Suppose b + m = -2. Let g(n) = -9*n. What is the remainder when g(b) is divided by 7?
6
Suppose 3 = -3*x + 3*b, 2*x - 3*b + 15 = -3*x. Let j = x + 11. What is the remainder when 14 is divided by j?
4
Suppose -q = -b - 2*b + 3, 4*b + 15 = -5*q. Suppose b = 2*i - i - 24. Calculate the remainder when i is divided by 6/21 + (-89)/(-7).
11
Let h(m) = 1 - 3*m + 7*m - 3*m + 0*m. Calculate the remainder when 17 is divided by h(5).
5
Suppose 0 = -5*n - 5*c + 10, 0 = -4*n - 2*c - c + 13. Let p = n - -62. What is the remainder when p is divided by 18?
15
Suppose 4*c - 2*c = 70. Suppose -73*a - 29 = -905. What is the remainder when c is divided by a?
11
Suppose -u = 3*s - 10, 5*s + 0 = 10. Suppose -6*n + 33 + 33 = 0. What is the remainder when n is divided by u?
3
Let n(s) = -s + 10. What is the remainder when 13 is divided by n(6)?
1
Suppose -4*o - o + 170 = 0. Calculate the remainder when 132 is divided by o.
30
Let s(r) = 2*r**2 - 13*r + 8. Calculate the remainder when s(9) is divided by 14.
11
Let a = -132 + 235. What is the remainder when a is divided by 35?
33
Suppose 26 + 34 = 3*w. Suppose -4*c = -w, 0*h - 1 = -h + 4*c. Let a(t) = t**2 + t + 5. What is the remainder when a(7) is divided by h?
19
Suppose -3*r = -8 + 221. What is the remainder when r/(-3) - 5/(-15) is divided by 13?
11
Let f = 25 - -7. Let k(w) = 3*w**2 + 7*w - 14. What is the remainder when k(4) is divided by f?
30
Suppose -3*w - 75 = 135. Let r = 119 + w. Calculate the remainder when r is divided by 17.
15
Let l(r) = r**2 + 10*r - 19. Calculate the remainder when 97 is divided by l(-13).
17
Calculate the remainder when 92 is divided by (95/25*10/2)/1.
16
Let q(p) be the first derivative of p**4/4 - p**3 - 7*p**2/2 + p + 4. What is the remainder when q(5) is divided by 9?
7
Let q(k) = 9*k**3 - 2*k + 1. Let t be q(1). What is the remainder when (-2)/t - (-29)/4 is divided by 2?
1
What is the remainder when (-47 + 9)*(2/(-4))/1 is divided by 11?
8
Let d be 2/12 + (-33)/(-18). Suppose -5*n + 3 = l - d*l, 2*l - 12 = 4*n. What is the remainder when 34 is divided by l?
10
Suppose -3*h + 28 = 5*d, 4*h + 23 - 62 = -5*d. Calculate the remainder when 19 is divided by h.
8
Suppose -2*q + 116 - 28 = 0. Suppose 8*p - 3*p = 75. What is the remainder when q is divided by p?
14
Let s = 55 - 46. Calculate the remainder when 34 is divided by s.
7
Suppose -9*v - 28 = -13*v. Let o = 1 - -1. What is the remainder when v is divided by o?
1
Let f(x) = 13*x - 10. Let b(y) = -6*y + 5. Let m(i) = 7*b(i) + 3*f(i). Let w be m(-5). Let k = -4 + w. What is the remainder when 31 is divided by k?
15
Let n(d) = 5*d - 23. Calculate the remainder when 65 is divided by n(8).
14
Let q(c) = -c**3 + 2*c**2 + 4*c + 1. Let b be q(3). Let i = 12 + b. What is the remainder when 46 is divided by i?
14
Let z be 2/(-4)*-6 + -28. Let m = z - -57. Calculate the remainder when m - (-2)/(0 + -2) is divided by 11.
9
Suppose 524*b + 34 = 526*b. Calculate the remainder when b is divided by ((-2)/3)/(2/(-15)).
2
Let v(r) = r**3 + 4*r**2 - 3*r + 12. Let o be v(-5). Suppose 5*b - 3*l - 135 = o*l, 2*b - 3*l = 58. Calculate the remainder when 91 is divided by b.
22
Let t(w) = -6*w. Let b be t(-1). Let k(m) = 3*m + 0*m + 0*m - 5. What is the remainder when 23 is divided by k(b)?
10
Suppose 4*a = 3*j - 17, -j + a + 0*a = -5. Let i = j - -4. Let h(t) = -t + 9. Calculate the remainder when h(i) is divided by 1.
0
Let u = 113 + -68. Let q = 8 - -4. What is the remainder when u is divided by q?
9
Suppose 7*m - 2*m = 0. Suppose m = 3*j - 5*q - 6, 0 = -4*j - q + 31. Calculate the remainder when 33 is divided by j.
5
What is the remainder when -8 + 10 + 18/2 is divided by 6?
5
Let m(y) = -4*y - 5. Let f = -11 - -6. Let q = 27 + -19. What is the remainder when m(f) is divided by q?
7
Let p be -1 - (-1 - 9 - -1). Let g be (-4)/p + 14/4. Suppose -g*x + 7 = -23. What is the remainder when 28 is divided by x?
8
Suppose 4*u - 142 = 62. What is the remainder when u is divided by 208/12*(-6)/(-4)?
25
Let w(u) = -u - 3. Let r be w(-6). Let x be (r/(-2))/((-1)/6). Suppose -41 = -2*l - x. What is the remainder when 46 is divided by l?
14
Let f be (2*1)/(1/2). Suppose -f*c - 47 = -5*c. Calculate the remainder when c is divided by 16.
15
Suppose 0 = -4*k - 16, 4*n - 8*n = 3*k - 4. Let m = -2 - -13. Calculate the remainder when m is divided by n.
3
Calculate the remainder when 45 is divided by (-6)/(-14) - 405/(-35).
9
Calculate the remainder when 58 is divided by 15 - (12/6 - 2).
13
Let w(t) = -2*t**2 - 6*t - 2. Let u be w(-4). Let c = u - -19. Suppose 0*o - 3*o = y - c, y = -o + 9. What is the remainder when 26 is divided by y?
8
Suppose -2*h - p = -477, -2*h + 3*p + 482 = -p. What is the remainder when h is divided by 60?
59
Let v(s) = -s**3 + s**2 - 23. Let t be v(0). Let n = t - -41. Calculate the remainder when 52 is divided by n.
16
Let i = 108 + -82. What is the remainder when i is divided by 6?
2
Let d = 15 + 2. Let i = -3 + 6. Suppose 3*t - s = 153, -i*t + 4*s - 88 = -5*t. What is the remainder when t is divided by d?
16
Suppose 4*t - 16 = -2*y, -3*t = -0*t - 9. Let v be -40*((-3)/y + 0). Suppose 2*s = 5*r + v, -2*s - 2*r + 72 = 2*s. What is the remainder when s is divided by 7?
6
Let s = -14 + 14. Suppose 17 = 2*i + 5*a, i = -s*i + 4*a + 41. What is the remainder when i is divided by 6?
3
Calculate the remainder when 9620/117 - 2/9 is divided by 21.
19
Let a(r) = r**3 + 6*r**2 + 3*r + 7. Let z be a(-5). Suppose 5 = 2*h - z. Let w(l) = 19*l + 1. Calculate the remainder when w(1) is divided by h.
9
Let j = 67 - 51. Calcul